{"id":65,"date":"2017-08-10T22:29:46","date_gmt":"2017-08-10T20:29:46","guid":{"rendered":"http:\/\/www.acidpool.at\/005_wordpress\/?page_id=65"},"modified":"2019-05-07T18:57:19","modified_gmt":"2019-05-07T16:57:19","slug":"kontakt","status":"publish","type":"page","link":"http:\/\/www.acidpool.at\/005_wordpress\/index.php\/kontakt\/","title":{"rendered":"Kontakt"},"content":{"rendered":"<p><img loading=\"lazy\" decoding=\"async\" class=\"alignleft size-medium wp-image-473\" src=\"http:\/\/www.acidpool.at\/005_wordpress\/wp-content\/uploads\/2019\/05\/bored_pt29-300x300.jpg\" alt=\"\" width=\"300\" height=\"300\" srcset=\"http:\/\/www.acidpool.at\/005_wordpress\/wp-content\/uploads\/2019\/05\/bored_pt29-300x300.jpg 300w, http:\/\/www.acidpool.at\/005_wordpress\/wp-content\/uploads\/2019\/05\/bored_pt29-150x150.jpg 150w, http:\/\/www.acidpool.at\/005_wordpress\/wp-content\/uploads\/2019\/05\/bored_pt29-768x768.jpg 768w, http:\/\/www.acidpool.at\/005_wordpress\/wp-content\/uploads\/2019\/05\/bored_pt29-1024x1024.jpg 1024w, http:\/\/www.acidpool.at\/005_wordpress\/wp-content\/uploads\/2019\/05\/bored_pt29-100x100.jpg 100w, http:\/\/www.acidpool.at\/005_wordpress\/wp-content\/uploads\/2019\/05\/bored_pt29.jpg 1080w\" sizes=\"auto, (max-width: 300px) 100vw, 300px\" \/>&#8222;Das ist eine Seite mit einigen klassischen Kontakt-Informationen, wie Adresse und Telefonnummer. Du k\u00f6nntest hier aber auch ein Plugin nutzen, um ein Kontakt-Formular einzuf\u00fcgen.&#8220;<\/p>\n<p>K\u00f6nnte ich&#8230; will ich aber nicht. Wer tats\u00e4chlich mit mir in Kontakt treten will, der kann dazu gerne die folgenden, pr\u00e4ferenzfrei gelisteten, Social Media Kan\u00e4le verwenden:<\/p>\n<p><a href=\"https:\/\/www.deviantart.com\/versakhanirenis\" target=\"_blank\" rel=\"noopener noreferrer\">DeviantArt<\/a> \u2666 <a href=\"https:\/\/www.facebook.com\/versakhan.irenis\" target=\"_blank\" rel=\"noopener noreferrer\">Facebook<\/a> \u2666 <a href=\"https:\/\/www.instagram.com\/versakhanirenis\/\" target=\"_blank\" rel=\"noopener noreferrer\">Instagram<\/a> \u2666 <a href=\"https:\/\/www.youtube.com\/user\/VersakhanIrenis\" target=\"_blank\" rel=\"noopener noreferrer\">YouTube<\/a><\/p>\n<hr \/>\n<p><img loading=\"lazy\" decoding=\"async\" class=\"alignright size-medium wp-image-474\" src=\"http:\/\/www.acidpool.at\/005_wordpress\/wp-content\/uploads\/2019\/05\/snowwhite-300x300.jpg\" alt=\"\" width=\"300\" height=\"300\" srcset=\"http:\/\/www.acidpool.at\/005_wordpress\/wp-content\/uploads\/2019\/05\/snowwhite-300x300.jpg 300w, http:\/\/www.acidpool.at\/005_wordpress\/wp-content\/uploads\/2019\/05\/snowwhite-150x150.jpg 150w, http:\/\/www.acidpool.at\/005_wordpress\/wp-content\/uploads\/2019\/05\/snowwhite-768x768.jpg 768w, http:\/\/www.acidpool.at\/005_wordpress\/wp-content\/uploads\/2019\/05\/snowwhite-1024x1024.jpg 1024w, http:\/\/www.acidpool.at\/005_wordpress\/wp-content\/uploads\/2019\/05\/snowwhite-100x100.jpg 100w, http:\/\/www.acidpool.at\/005_wordpress\/wp-content\/uploads\/2019\/05\/snowwhite.jpg 1080w\" sizes=\"auto, (max-width: 300px) 100vw, 300px\" \/>&#8222;This is a page with some classic contact information, like address and phone number. You could also use a plugin here to insert a contact form.&#8220;<\/p>\n<p>I could&#8230; but I don&#8217;t want to. Anyone who really wants to contact me can use any the following, without any preference listed, Social Media channels:<\/p>\n<p><a href=\"https:\/\/www.deviantart.com\/versakhanirenis\" target=\"_blank\" rel=\"noopener noreferrer\">DeviantArt<\/a> \u2666 <a href=\"https:\/\/www.facebook.com\/versakhan.irenis\" target=\"_blank\" rel=\"noopener noreferrer\">Facebook<\/a> \u2666 <a href=\"https:\/\/www.instagram.com\/versakhanirenis\/\" target=\"_blank\" rel=\"noopener noreferrer\">Instagram<\/a> \u2666 <a href=\"https:\/\/www.youtube.com\/user\/VersakhanIrenis\" target=\"_blank\" rel=\"noopener noreferrer\">YouTube<\/a><\/p>\n","protected":false},"excerpt":{"rendered":"<p>&#8222;Das ist eine Seite mit einigen klassischen Kontakt-Informationen, wie Adresse und Telefonnummer. Du k\u00f6nntest hier aber auch ein Plugin nutzen, um ein Kontakt-Formular einzuf\u00fcgen.&#8220; K\u00f6nnte ich&#8230; will ich aber nicht. Wer tats\u00e4chlich mit mir in Kontakt treten will, der kann dazu gerne die folgenden, pr\u00e4ferenzfrei gelisteten, Social Media Kan\u00e4le verwenden: DeviantArt \u2666 Facebook \u2666 Instagram &hellip; <\/p>\n<p class=\"link-more\"><a href=\"http:\/\/www.acidpool.at\/005_wordpress\/index.php\/kontakt\/\" class=\"more-link\"><span class=\"screen-reader-text\">\u201eKontakt\u201c <\/span>weiterlesen<\/a><\/p>\n","protected":false},"author":1,"featured_media":57,"parent":0,"menu_order":0,"comment_status":"closed","ping_status":"closed","template":"","meta":{"footnotes":""},"class_list":["post-65","page","type-page","status-publish","has-post-thumbnail","hentry"],"_links":{"self":[{"href":"http:\/\/www.acidpool.at\/005_wordpress\/index.php\/wp-json\/wp\/v2\/pages\/65","targetHints":{"allow":["GET"]}}],"collection":[{"href":"http:\/\/www.acidpool.at\/005_wordpress\/index.php\/wp-json\/wp\/v2\/pages"}],"about":[{"href":"http:\/\/www.acidpool.at\/005_wordpress\/index.php\/wp-json\/wp\/v2\/types\/page"}],"author":[{"embeddable":true,"href":"http:\/\/www.acidpool.at\/005_wordpress\/index.php\/wp-json\/wp\/v2\/users\/1"}],"replies":[{"embeddable":true,"href":"http:\/\/www.acidpool.at\/005_wordpress\/index.php\/wp-json\/wp\/v2\/comments?post=65"}],"version-history":[{"count":3,"href":"http:\/\/www.acidpool.at\/005_wordpress\/index.php\/wp-json\/wp\/v2\/pages\/65\/revisions"}],"predecessor-version":[{"id":498,"href":"http:\/\/www.acidpool.at\/005_wordpress\/index.php\/wp-json\/wp\/v2\/pages\/65\/revisions\/498"}],"wp:featuredmedia":[{"embeddable":true,"href":"http:\/\/www.acidpool.at\/005_wordpress\/index.php\/wp-json\/wp\/v2\/media\/57"}],"wp:attachment":[{"href":"http:\/\/www.acidpool.at\/005_wordpress\/index.php\/wp-json\/wp\/v2\/media?parent=65"}],"curies":[{"name":"wp","href":"https:\/\/api.w.org\/{rel}","templated":true}]}}